 = -4*o + 32, 3*v - 11 = o - 2. Let b(z) = -13 + 7 - 22 - o + 84*z. Is b(7) prime?
True
Suppose -3*i + 9 = 0, -3*d + 4*d = i - 5. Is (d + (4 - 1))*(8263 - 0) a prime number?
True
Let u be ((-8006)/(-3))/(28/6 - 4). Let c = -2296 + u. Is c composite?
True
Suppose -178672228 = -135*u - 61*u. Is u a composite number?
False
Let d(p) = 23*p - 21. Let y be d(1). Suppose 3*i + 145 = y*v, -4*v - v = -2*i - 379. Is v prime?
False
Is -2*(-5)/80 + (-26258650)/(-176) a composite number?
False
Let i(f) = f**2 - 47*f - 7. Let u be i(-30). Suppose 4*z + u = p + 644, -z + 4964 = 3*p. Is p prime?
False
Let h(g) = -111*g**3 - 2*g**2 + 64*g - 56. Is h(-27) prime?
False
Suppose 19 - 22 = -v. Suppose 5*l = v*u + 4, -u + 2*u - l = 2. Suppose u*s - 9*s + 1366 = 0. Is s prime?
True
Let w(c) = 9*c - 73. Let g be w(18). Let z = g + -91. Is (1 + z)/(2/(-1042)) a composite number?
False
Suppose -t + 29552 = -3*u, 2*u - 2*t + 19712 = -4*t. Let m = u - -16974. Suppose 3*c - m = -3*c. Is c a composite number?
False
Let k = 1759 - 342. Let p = k + -606. Suppose -p - 193 = -4*f. Is f prime?
True
Suppose k - b - 209601 = 0, 3*b = -122*k + 119*k + 628779. Is k a prime number?
True
Suppose -3*t - 4 = w - 21, 2*w = 3*t - 2. Suppose -3*b + 506 + 2744 = w*a, 3*a = 3*b - 3234. Let i = b - 699. Is i composite?
True
Let t(x) be the second derivative of -x**5/20 - x**4/4 + 16*x**3/3 + 7*x**2/2 - 30*x. Let o be t(-16). Let a = o + -1322. Is a a prime number?
False
Let o(k) = 46*k + 115. Let n be o(32). Let v = n - 76. Is v a prime number?
True
Let d(g) be the third derivative of 17*g**4/24 - 13*g**3/3 + 85*g**2. Is d(21) a composite number?
False
Is (-16 - (-324)/18)*3034/1 + 3 a prime number?
False
Suppose 635 = 29*z - 496. Suppose z*k - 22*k = 261817. Is k a prime number?
True
Suppose 4*l = d + 15, -5*l - d + 11 = -1. Is (-2)/l*(-4 - (-22218)/(-12)) prime?
True
Let c be (-4 - (-1301 - 1)) + -3. Let o = 398 + c. Is o prime?
True
Let y(s) be the first derivative of 73*s**3/3 + 2*s**2 + 3*s + 10. Let n be y(-3). Suppose -j + 4 = 0, -3*j + 206 = -h + n. Is h a composite number?
True
Let k be (-4426)/(-2)*(-3)/(-3). Let v = -1646 + 5660. Let i = v - k. Is i composite?
False
Suppose 3*j + 901203 = 3*m, 41*j = -m + 40*j + 300393. Is m composite?
False
Let t be -1 + 9 - (-10 + 10)/(-13). Let v(z) = 4*z**3 - 7*z**2 + 10*z + 26. Is v(t) composite?
True
Suppose -1 = -7*b + 27. Suppose -d + 5*d + l + 2 = 0, -7 = -d - b*l. Let t(g) = 382*g**2. Is t(d) a composite number?
True
Let j(z) be the first derivative of 6*z**2 - 9*z + 1. Let m be (1374/198 + -7)*3 - (-285)/55. Is j(m) composite?
True
Let d be (-120)/(-14) - (-3 + (-18)/(-7)). Suppose -3*h + d*h = 6258. Is h prime?
False
Let n(b) = -3*b**3 + 35*b**2 + 183*b + 853. Is n(-48) prime?
False
Suppose 72*a = 2*m + 68*a - 1226590, -2*a - 4 = 0. Is m composite?
True
Suppose -16*j - 29348 = -38*j. Let t = j + 2055. Is t a composite number?
False
Let p(g) = -g**3 + 13*g**2 - 9*g. Suppose 0 = -m, 3*m + 24 = n - 4. Suppose -4*i = -16 - n. Is p(i) composite?
True
Suppose 14*n + 316263 - 960409 - 1155400 = 0. Is n prime?
False
Suppose 5*d = -52 + 1897. Suppose -64*c = -44*c + 50*c - 7140. Suppose -3*a = -d - c. Is a a composite number?
False
Let i(h) = 6*h**2 - 29*h - 5. Let z be i(5). Suppose 20*c - 2982 + 2 = z. Is c prime?
True
Suppose -9*o + 899111 = -3*o + 19469. Is o a composite number?
True
Suppose 4*n - 7*l = -2*l - 15, -12 = 2*n - 4*l. Suppose 0 = -3*t - 4*k - 31, t + 2*k + 7 + 4 = n. Is -1 + t/(-5) - (-11244)/20 a composite number?
False
Is ((-33)/110)/((-12)/(-5)) - (-11338502)/944 a composite number?
False
Suppose -19*t = -20*t. Let y = t + 4. Suppose 8*g - y*g - 8596 = 0. Is g prime?
False
Let y(l) = -797*l**3 - 6*l**2 + l + 7. Is y(-1) a prime number?
True
Let q(a) = -13*a - 25. Let f be q(-9). Suppose 2*y + f = -y - 2*c, 4*c - 54 = y. Is (-41722)/(-34) + 4/y prime?
False
Suppose -34 = -3*k - 73. Let w(u) = 7*u**2 + 13*u - 5. Is w(k) a composite number?
False
Let c = 91809 - -61570. Is c a composite number?
False
Suppose 516896 = 1117*w - 1102*w - 584329. Is w composite?
True
Let s(u) = -8*u + 13. Suppose 0 = -m - n + 10, 5*m - 4*n + 5*n = 34. Let h be s(m). Let k = 90 + h. Is k composite?
True
Let x = -15 + -1. Let n = -14 - x. Suppose -4*y + n*f + 5614 = -0*f, 2*y - 3*f - 2801 = 0. Is y prime?
False
Let x = 36057 + -18454. Is x a prime number?
False
Suppose -8*f + f = -455805. Suppose 0*w = 9*w - f. Is w composite?
True
Let a = 3082389 - -83546. Is a a composite number?
True
Suppose -90*v + 1790917 = -85*v + 4*b, 4*v + 3*b = 1432733. Is v prime?
True
Let p(o) = 305*o**2 + 2519*o + 29. Is p(12) prime?
True
Suppose -2*w - 65 = -3*w + 5*d, 0 = -w - 4*d + 110. Let q = 95 - w. Suppose q*x + 7994 = 31359. Is x composite?
False
Suppose 0 = 3*q - 41 + 26. Suppose -h = 2*l - 1599, -q*l - 5*h - 772 = -6*l. Is l a prime number?
True
Let x = 16933 + 13890. Is x prime?
False
Let s = 1739174 + -1005237. Is s composite?
False
Is (7177873/(-1017))/(1/(-9)) a prime number?
True
Suppose -55*t - 57*t + 97*t + 1478055 = 0. Is t prime?
False
Let p = -5045 - -12998. Let s = p + -2859. Suppose -2*v - 1014 = -g, -v = 5*g + v - s. Is g composite?
True
Suppose 23*s - 24*s = -544211. Is s prime?
False
Let v = 146822 + -76149. Is v a prime number?
False
Suppose 0 = -109*i + 106*i + 6792. Suppose -2222 = -2*a - 2*z, 2*z - 26 = 2*a - i. Is a composite?
True
Let p(i) = 5231*i**2 - 42*i + 9. Is p(2) prime?
True
Suppose -11*j - 64983 = -14*j - 3*v, 5*j - 6*v = 108305. Is j a composite number?
False
Suppose 4*i + n - 2472480 = 0, -3*i - 36*n + 1854337 = -41*n. Is i prime?
True
Let t = 661 + -649. Suppose 19444 = -t*d + 16*d. Is d composite?
False
Let u(m) = -474*m - 1. Let s be u(5). Let t = -1034 - s. Suppose -4*h - 3*h + t = 0. Is h a prime number?
True
Suppose -32*i - 3627820 = -12*i - 48*i. Is i a composite number?
True
Suppose 4*d + 20 = 0, 21 = -4*w - 3*d + 34. Is -4 + w/(-14)*-5854 composite?
True
Let l(j) = 0 - 5*j - 3 - 137*j**3 + 270*j**3 + 7*j - 1. Is l(3) a prime number?
True
Let x be -5 - ((-69)/21 + (-4)/(-14)). Let o(f) = -5045*f + 9. Is o(x) prime?
True
Suppose -58954421 - 160591076 = -297*r + 8*r. Is r a prime number?
True
Suppose 0 = -5*i + 5*l + 1070, -19*i + 1249 = -13*i + l. Is i prime?
False
Suppose v - 3 = 0, 7*r + 2*v + 24 = 2*r. Let i(w) = -w**3 + 8*w**2 + 7*w + 25. Is i(r) a composite number?
False
Suppose 2430515 = -101*x + 106*x - 5*m, m + 972200 = 2*x. Is x composite?
True
Let b(h) = -h**3 + 17*h**2 + 6*h - 3. Let u be b(10). Let o = u - 464. Suppose -3*m + x + 4*x + o = 0, -4*x = 2*m - 166. Is m prime?
False
Let x(u) = -16918*u + 35. Let y be x(2). Is (-11)/(((-38)/y)/(2/(-3))) composite?
True
Let g(w) = 254*w**3 + 2*w**2 - w - 2. Let z be g(-1). Let f = 1194 + z. Is f prime?
True
Let x(j) = j**2 - 11*j + 16. Let c be x(10). Suppose -c*t - 2*t = -3032. Is t composite?
False
Let f(n) = 2089*n**2 - 2*n + 1. Let a be f(1). Suppose 0*p - a = -p. Suppose 7*g = p + 8251. Is g composite?
True
Suppose 3*m = -4*w + 94, -4*m + 8 = -0*m. Let u(l) = w - 266*l - 49 + 26. Is u(-3) prime?
True
Suppose -5*c = -15, -2*g + 9664 = 2*g - 4*c. Suppose 3632 = 3*v + 5*z, -2*v = 4*z + 1 - g. Is v prime?
False
Let z(o) = -o**2 - 28*o - 22. Let c be z(-16). Suppose 7*n - c = 1258. Is ((-118)/6)/((-4)/n) composite?
True
Suppose -22 = -5*k - 3*w, 0*k - 3*k - 3*w = -18. Suppose -7*g = -5 - k. Let r(i) = 1399*i**2 + 2*i - 2. Is r(g) prime?
True
Suppose 3*z = 9, -2*z + 134440 = -5*h + 1755879. Is h a prime number?
False
Suppose 0 = -4*o + 3*o + 13998. Suppose 108*t = 102*t + o. Is t a prime number?
True
Suppose 12*p = 15*p + 1299. Suppose -5*k - 1690 = -18*k. Let c = k - p. Is c prime?
True
Let q = 339120 + -230257. Is q composite?
False
Let n be (1/((-12)/117))/((-2)/8). Is (n/(-52))/(3/(-27532)) composite?
False
Suppose 0 = -2*h - 5*o + 66261, -40*o = -3*h - 45*o + 99394. Is h a composite number?
True
Let o(u) be the first derivative of 3*u**2 + 52*u - 14. Let x be o(-4). Is (-14)/x*((-325 - -1) + -2) prime?
True
Suppose -5*j + 2183675 = d, -9*j + 11*j = d - 2183717. Is d a composite number?
True
Let c(h) = h**3 + 27*h**2 + 25*h - 94. Is c(27) a composite number?
True
Suppose 3*q = 3*z + 209040, 0 = -4*q + 2*z - 96143 + 374857. Is q prime?
True
Suppose -2*s + 5 = -4*